{"id":689,"date":"2025-01-06T21:23:26","date_gmt":"2025-01-06T21:23:26","guid":{"rendered":"https:\/\/matraveltransport.com\/?page_id=689"},"modified":"2025-01-08T06:02:20","modified_gmt":"2025-01-08T06:02:20","slug":"hoteles","status":"publish","type":"page","link":"https:\/\/matraveltransport.com\/index.php\/hoteles\/","title":{"rendered":"Hospedaje"},"content":{"rendered":"<div class=\"wp-block-image is-style-rounded\">\n<figure class=\"alignright size-full is-resized\"><img loading=\"lazy\" decoding=\"async\" width=\"1200\" height=\"900\" src=\"https:\/\/matraveltransport.com\/wp-content\/uploads\/2025\/01\/337532013.jpg\" alt=\"\" class=\"wp-image-779\" style=\"object-fit:cover;width:350px;height:350px\" srcset=\"https:\/\/matraveltransport.com\/wp-content\/uploads\/2025\/01\/337532013.jpg 1200w, https:\/\/matraveltransport.com\/wp-content\/uploads\/2025\/01\/337532013-300x225.jpg 300w, https:\/\/matraveltransport.com\/wp-content\/uploads\/2025\/01\/337532013-1024x768.jpg 1024w, https:\/\/matraveltransport.com\/wp-content\/uploads\/2025\/01\/337532013-768x576.jpg 768w\" sizes=\"auto, (max-width: 1200px) 100vw, 1200px\" \/><\/figure>\n<\/div>\n\n\n<p>Hemos seleccionado y calificado a diferentes proveedores de hospedaje estrat\u00e9gicos para ofrecerte una experiencia completa. <\/p>\n\n\n\n<p>Nos encargamos de todos los detalles para que tu \u00fanica preocupaci\u00f3n sea disfrutar. <\/p>\n\n\n\n<p>Encontrar\u00e1s diversas opciones que se adaptan a tus necesidades y deseos de viaje: desde hoteles de cinco estrellas y departamentos en el coraz\u00f3n de la ciudad, hasta alojamientos rodeados de naturaleza y tranquilidad.<\/p>\n\n\n\n<p>Todo adaptado a t\u00ed, para aprovechar al m\u00e1ximo tus d\u00edas de vacaciones.<\/p>\n\n\n\n<hr class=\"wp-block-separator has-text-color has-luminous-vivid-amber-color has-alpha-channel-opacity has-luminous-vivid-amber-background-color has-background is-style-dots\"\/>\n\n\n\n<p><\/p>\n\n\n\n<p><\/p>\n\n\n\n<div class=\"wp-block-columns is-layout-flex wp-container-core-columns-is-layout-9d6595d7 wp-block-columns-is-layout-flex\">\n<div class=\"wp-block-column is-layout-flow wp-block-column-is-layout-flow\">\n<figure class=\"wp-block-image size-large\"><img loading=\"lazy\" decoding=\"async\" width=\"1024\" height=\"768\" src=\"https:\/\/matraveltransport.com\/wp-content\/uploads\/2025\/01\/337529725-1-1024x768.jpg\" alt=\"\" class=\"wp-image-780\" srcset=\"https:\/\/matraveltransport.com\/wp-content\/uploads\/2025\/01\/337529725-1-1024x768.jpg 1024w, https:\/\/matraveltransport.com\/wp-content\/uploads\/2025\/01\/337529725-1-300x225.jpg 300w, https:\/\/matraveltransport.com\/wp-content\/uploads\/2025\/01\/337529725-1-768x576.jpg 768w, https:\/\/matraveltransport.com\/wp-content\/uploads\/2025\/01\/337529725-1.jpg 1200w\" sizes=\"auto, (max-width: 1024px) 100vw, 1024px\" \/><\/figure>\n\n\n\n<figure class=\"wp-block-image size-large\"><img loading=\"lazy\" decoding=\"async\" width=\"1024\" height=\"766\" src=\"https:\/\/matraveltransport.com\/wp-content\/uploads\/2025\/01\/Portada-8-2-1024x766.jpeg\" alt=\"\" class=\"wp-image-775\" srcset=\"https:\/\/matraveltransport.com\/wp-content\/uploads\/2025\/01\/Portada-8-2-1024x766.jpeg 1024w, https:\/\/matraveltransport.com\/wp-content\/uploads\/2025\/01\/Portada-8-2-300x225.jpeg 300w, https:\/\/matraveltransport.com\/wp-content\/uploads\/2025\/01\/Portada-8-2-768x575.jpeg 768w, https:\/\/matraveltransport.com\/wp-content\/uploads\/2025\/01\/Portada-8-2.jpeg 1280w\" sizes=\"auto, (max-width: 1024px) 100vw, 1024px\" \/><\/figure>\n\n\n\n<figure class=\"wp-block-image size-large\"><img loading=\"lazy\" decoding=\"async\" width=\"1024\" height=\"765\" src=\"https:\/\/matraveltransport.com\/wp-content\/uploads\/2025\/01\/14147900-1024x765.jpg\" alt=\"\" class=\"wp-image-796\" srcset=\"https:\/\/matraveltransport.com\/wp-content\/uploads\/2025\/01\/14147900-1024x765.jpg 1024w, https:\/\/matraveltransport.com\/wp-content\/uploads\/2025\/01\/14147900-300x224.jpg 300w, https:\/\/matraveltransport.com\/wp-content\/uploads\/2025\/01\/14147900-768x574.jpg 768w, https:\/\/matraveltransport.com\/wp-content\/uploads\/2025\/01\/14147900.jpg 1205w\" sizes=\"auto, (max-width: 1024px) 100vw, 1024px\" \/><\/figure>\n<\/div>\n\n\n\n<div class=\"wp-block-column is-layout-flow wp-block-column-is-layout-flow\">\n<figure class=\"wp-block-image size-large\"><img loading=\"lazy\" decoding=\"async\" width=\"1024\" height=\"768\" src=\"https:\/\/matraveltransport.com\/wp-content\/uploads\/2025\/01\/337532014-1024x768.jpg\" alt=\"\" class=\"wp-image-778\" srcset=\"https:\/\/matraveltransport.com\/wp-content\/uploads\/2025\/01\/337532014-1024x768.jpg 1024w, https:\/\/matraveltransport.com\/wp-content\/uploads\/2025\/01\/337532014-300x225.jpg 300w, https:\/\/matraveltransport.com\/wp-content\/uploads\/2025\/01\/337532014-768x576.jpg 768w, https:\/\/matraveltransport.com\/wp-content\/uploads\/2025\/01\/337532014.jpg 1200w\" sizes=\"auto, (max-width: 1024px) 100vw, 1024px\" \/><\/figure>\n\n\n\n<figure class=\"wp-block-image size-large\"><img decoding=\"async\" src=\"https:\/\/matraveltransport.com\/wp-content\/uploads\/2025\/01\/337529722-1024x682.jpg\" alt=\"\" class=\"wp-image-774\" style=\"aspect-ratio:4\/3;object-fit:cover\"\/><\/figure>\n\n\n\n<figure class=\"wp-block-image size-full\"><img loading=\"lazy\" decoding=\"async\" width=\"1024\" height=\"768\" src=\"https:\/\/matraveltransport.com\/wp-content\/uploads\/2025\/01\/212105509.jpg\" alt=\"\" class=\"wp-image-793\" srcset=\"https:\/\/matraveltransport.com\/wp-content\/uploads\/2025\/01\/212105509.jpg 1024w, https:\/\/matraveltransport.com\/wp-content\/uploads\/2025\/01\/212105509-300x225.jpg 300w, https:\/\/matraveltransport.com\/wp-content\/uploads\/2025\/01\/212105509-768x576.jpg 768w\" sizes=\"auto, (max-width: 1024px) 100vw, 1024px\" \/><\/figure>\n<\/div>\n\n\n\n<div class=\"wp-block-column is-layout-flow wp-block-column-is-layout-flow\">\n<figure class=\"wp-block-image size-large\"><img loading=\"lazy\" decoding=\"async\" width=\"1024\" height=\"768\" src=\"https:\/\/matraveltransport.com\/wp-content\/uploads\/2025\/01\/363237590-1024x768.jpg\" alt=\"\" class=\"wp-image-776\" srcset=\"https:\/\/matraveltransport.com\/wp-content\/uploads\/2025\/01\/363237590-1024x768.jpg 1024w, https:\/\/matraveltransport.com\/wp-content\/uploads\/2025\/01\/363237590-300x225.jpg 300w, https:\/\/matraveltransport.com\/wp-content\/uploads\/2025\/01\/363237590-768x576.jpg 768w, https:\/\/matraveltransport.com\/wp-content\/uploads\/2025\/01\/363237590.jpg 1200w\" sizes=\"auto, (max-width: 1024px) 100vw, 1024px\" \/><\/figure>\n\n\n\n<figure class=\"wp-block-image size-large\"><img loading=\"lazy\" decoding=\"async\" width=\"1024\" height=\"768\" src=\"https:\/\/matraveltransport.com\/wp-content\/uploads\/2025\/01\/337529725-1024x768.jpg\" alt=\"\" class=\"wp-image-772\" srcset=\"https:\/\/matraveltransport.com\/wp-content\/uploads\/2025\/01\/337529725-1024x768.jpg 1024w, https:\/\/matraveltransport.com\/wp-content\/uploads\/2025\/01\/337529725-300x225.jpg 300w, https:\/\/matraveltransport.com\/wp-content\/uploads\/2025\/01\/337529725-768x576.jpg 768w, https:\/\/matraveltransport.com\/wp-content\/uploads\/2025\/01\/337529725.jpg 1200w\" sizes=\"auto, (max-width: 1024px) 100vw, 1024px\" \/><\/figure>\n\n\n\n<figure class=\"wp-block-image size-full\"><img loading=\"lazy\" decoding=\"async\" width=\"700\" height=\"525\" src=\"https:\/\/matraveltransport.com\/wp-content\/uploads\/2025\/01\/reception-i-talked-with.jpg\" alt=\"\" class=\"wp-image-792\" srcset=\"https:\/\/matraveltransport.com\/wp-content\/uploads\/2025\/01\/reception-i-talked-with.jpg 700w, https:\/\/matraveltransport.com\/wp-content\/uploads\/2025\/01\/reception-i-talked-with-300x225.jpg 300w\" sizes=\"auto, (max-width: 700px) 100vw, 700px\" \/><\/figure>\n<\/div>\n<\/div>\n","protected":false},"excerpt":{"rendered":"<p>Hemos seleccionado y calificado a diferentes proveedores de hospedaje estrat\u00e9gicos para ofrecerte una experiencia completa. Nos encargamos de todos los detalles para que tu \u00fanica preocupaci\u00f3n sea disfrutar. Encontrar\u00e1s diversas opciones que se adaptan a tus necesidades y deseos de viaje: desde hoteles de cinco estrellas y departamentos en el coraz\u00f3n de la ciudad, hasta [&hellip;]<\/p>\n","protected":false},"author":2,"featured_media":777,"parent":0,"menu_order":0,"comment_status":"closed","ping_status":"closed","template":"","meta":{"_joinchat":[],"footnotes":""},"class_list":["post-689","page","type-page","status-publish","has-post-thumbnail","hentry"],"yoast_head":"<!-- This site is optimized with the Yoast SEO plugin v24.2 - https:\/\/yoast.com\/wordpress\/plugins\/seo\/ -->\n<title>Hospedaje - Matravel Transport<\/title>\n<meta name=\"robots\" content=\"index, follow, max-snippet:-1, max-image-preview:large, max-video-preview:-1\" \/>\n<link rel=\"canonical\" href=\"https:\/\/matraveltransport.com\/index.php\/hoteles\/\" \/>\n<meta property=\"og:locale\" content=\"es_ES\" \/>\n<meta property=\"og:type\" content=\"article\" \/>\n<meta property=\"og:title\" content=\"Hospedaje - Matravel Transport\" \/>\n<meta property=\"og:description\" content=\"Hemos seleccionado y calificado a diferentes proveedores de hospedaje estrat\u00e9gicos para ofrecerte una experiencia completa. Nos encargamos de todos los detalles para que tu \u00fanica preocupaci\u00f3n sea disfrutar. Encontrar\u00e1s diversas opciones que se adaptan a tus necesidades y deseos de viaje: desde hoteles de cinco estrellas y departamentos en el coraz\u00f3n de la ciudad, hasta [&hellip;]\" \/>\n<meta property=\"og:url\" content=\"https:\/\/matraveltransport.com\/index.php\/hoteles\/\" \/>\n<meta property=\"og:site_name\" content=\"Matravel Transport\" \/>\n<meta property=\"article:publisher\" content=\"https:\/\/www.facebook.com\/matraveltransport\" \/>\n<meta property=\"article:modified_time\" content=\"2025-01-08T06:02:20+00:00\" \/>\n<meta property=\"og:image\" content=\"https:\/\/matraveltransport.com\/wp-content\/uploads\/2025\/01\/363237455-e1736312042692.jpg\" \/>\n\t<meta property=\"og:image:width\" content=\"1200\" \/>\n\t<meta property=\"og:image:height\" content=\"676\" \/>\n\t<meta property=\"og:image:type\" content=\"image\/jpeg\" \/>\n<meta name=\"twitter:card\" content=\"summary_large_image\" \/>\n<script type=\"application\/ld+json\" class=\"yoast-schema-graph\">{\"@context\":\"https:\/\/schema.org\",\"@graph\":[{\"@type\":\"WebPage\",\"@id\":\"https:\/\/matraveltransport.com\/index.php\/hoteles\/\",\"url\":\"https:\/\/matraveltransport.com\/index.php\/hoteles\/\",\"name\":\"Hospedaje - Matravel Transport\",\"isPartOf\":{\"@id\":\"https:\/\/matraveltransport.com\/#website\"},\"primaryImageOfPage\":{\"@id\":\"https:\/\/matraveltransport.com\/index.php\/hoteles\/#primaryimage\"},\"image\":{\"@id\":\"https:\/\/matraveltransport.com\/index.php\/hoteles\/#primaryimage\"},\"thumbnailUrl\":\"https:\/\/matraveltransport.com\/wp-content\/uploads\/2025\/01\/363237455-e1736312042692.jpg\",\"datePublished\":\"2025-01-06T21:23:26+00:00\",\"dateModified\":\"2025-01-08T06:02:20+00:00\",\"breadcrumb\":{\"@id\":\"https:\/\/matraveltransport.com\/index.php\/hoteles\/#breadcrumb\"},\"inLanguage\":\"es\",\"potentialAction\":[{\"@type\":\"ReadAction\",\"target\":[\"https:\/\/matraveltransport.com\/index.php\/hoteles\/\"]}]},{\"@type\":\"ImageObject\",\"inLanguage\":\"es\",\"@id\":\"https:\/\/matraveltransport.com\/index.php\/hoteles\/#primaryimage\",\"url\":\"https:\/\/matraveltransport.com\/wp-content\/uploads\/2025\/01\/363237455-e1736312042692.jpg\",\"contentUrl\":\"https:\/\/matraveltransport.com\/wp-content\/uploads\/2025\/01\/363237455-e1736312042692.jpg\",\"width\":1200,\"height\":676},{\"@type\":\"BreadcrumbList\",\"@id\":\"https:\/\/matraveltransport.com\/index.php\/hoteles\/#breadcrumb\",\"itemListElement\":[{\"@type\":\"ListItem\",\"position\":1,\"name\":\"Portada\",\"item\":\"https:\/\/matraveltransport.com\/\"},{\"@type\":\"ListItem\",\"position\":2,\"name\":\"Hospedaje\"}]},{\"@type\":\"WebSite\",\"@id\":\"https:\/\/matraveltransport.com\/#website\",\"url\":\"https:\/\/matraveltransport.com\/\",\"name\":\"Matravel Transport\",\"description\":\"Transporte Exclusivo de pasajeros para viajes y traslados\",\"publisher\":{\"@id\":\"https:\/\/matraveltransport.com\/#organization\"},\"potentialAction\":[{\"@type\":\"SearchAction\",\"target\":{\"@type\":\"EntryPoint\",\"urlTemplate\":\"https:\/\/matraveltransport.com\/?s={search_term_string}\"},\"query-input\":{\"@type\":\"PropertyValueSpecification\",\"valueRequired\":true,\"valueName\":\"search_term_string\"}}],\"inLanguage\":\"es\"},{\"@type\":\"Organization\",\"@id\":\"https:\/\/matraveltransport.com\/#organization\",\"name\":\"Matravel Transport\",\"url\":\"https:\/\/matraveltransport.com\/\",\"logo\":{\"@type\":\"ImageObject\",\"inLanguage\":\"es\",\"@id\":\"https:\/\/matraveltransport.com\/#\/schema\/logo\/image\/\",\"url\":\"https:\/\/matraveltransport.com\/wp-content\/uploads\/2024\/12\/cropped-LOGOS-PNG-TRANSPARENTES-11.png\",\"contentUrl\":\"https:\/\/matraveltransport.com\/wp-content\/uploads\/2024\/12\/cropped-LOGOS-PNG-TRANSPARENTES-11.png\",\"width\":1651,\"height\":288,\"caption\":\"Matravel Transport\"},\"image\":{\"@id\":\"https:\/\/matraveltransport.com\/#\/schema\/logo\/image\/\"},\"sameAs\":[\"https:\/\/www.facebook.com\/matraveltransport\"]}]}<\/script>\n<!-- \/ Yoast SEO plugin. -->","yoast_head_json":{"title":"Hospedaje - Matravel Transport","robots":{"index":"index","follow":"follow","max-snippet":"max-snippet:-1","max-image-preview":"max-image-preview:large","max-video-preview":"max-video-preview:-1"},"canonical":"https:\/\/matraveltransport.com\/index.php\/hoteles\/","og_locale":"es_ES","og_type":"article","og_title":"Hospedaje - Matravel Transport","og_description":"Hemos seleccionado y calificado a diferentes proveedores de hospedaje estrat\u00e9gicos para ofrecerte una experiencia completa. Nos encargamos de todos los detalles para que tu \u00fanica preocupaci\u00f3n sea disfrutar. Encontrar\u00e1s diversas opciones que se adaptan a tus necesidades y deseos de viaje: desde hoteles de cinco estrellas y departamentos en el coraz\u00f3n de la ciudad, hasta [&hellip;]","og_url":"https:\/\/matraveltransport.com\/index.php\/hoteles\/","og_site_name":"Matravel Transport","article_publisher":"https:\/\/www.facebook.com\/matraveltransport","article_modified_time":"2025-01-08T06:02:20+00:00","og_image":[{"width":1200,"height":676,"url":"https:\/\/matraveltransport.com\/wp-content\/uploads\/2025\/01\/363237455-e1736312042692.jpg","type":"image\/jpeg"}],"twitter_card":"summary_large_image","schema":{"@context":"https:\/\/schema.org","@graph":[{"@type":"WebPage","@id":"https:\/\/matraveltransport.com\/index.php\/hoteles\/","url":"https:\/\/matraveltransport.com\/index.php\/hoteles\/","name":"Hospedaje - Matravel Transport","isPartOf":{"@id":"https:\/\/matraveltransport.com\/#website"},"primaryImageOfPage":{"@id":"https:\/\/matraveltransport.com\/index.php\/hoteles\/#primaryimage"},"image":{"@id":"https:\/\/matraveltransport.com\/index.php\/hoteles\/#primaryimage"},"thumbnailUrl":"https:\/\/matraveltransport.com\/wp-content\/uploads\/2025\/01\/363237455-e1736312042692.jpg","datePublished":"2025-01-06T21:23:26+00:00","dateModified":"2025-01-08T06:02:20+00:00","breadcrumb":{"@id":"https:\/\/matraveltransport.com\/index.php\/hoteles\/#breadcrumb"},"inLanguage":"es","potentialAction":[{"@type":"ReadAction","target":["https:\/\/matraveltransport.com\/index.php\/hoteles\/"]}]},{"@type":"ImageObject","inLanguage":"es","@id":"https:\/\/matraveltransport.com\/index.php\/hoteles\/#primaryimage","url":"https:\/\/matraveltransport.com\/wp-content\/uploads\/2025\/01\/363237455-e1736312042692.jpg","contentUrl":"https:\/\/matraveltransport.com\/wp-content\/uploads\/2025\/01\/363237455-e1736312042692.jpg","width":1200,"height":676},{"@type":"BreadcrumbList","@id":"https:\/\/matraveltransport.com\/index.php\/hoteles\/#breadcrumb","itemListElement":[{"@type":"ListItem","position":1,"name":"Portada","item":"https:\/\/matraveltransport.com\/"},{"@type":"ListItem","position":2,"name":"Hospedaje"}]},{"@type":"WebSite","@id":"https:\/\/matraveltransport.com\/#website","url":"https:\/\/matraveltransport.com\/","name":"Matravel Transport","description":"Transporte Exclusivo de pasajeros para viajes y traslados","publisher":{"@id":"https:\/\/matraveltransport.com\/#organization"},"potentialAction":[{"@type":"SearchAction","target":{"@type":"EntryPoint","urlTemplate":"https:\/\/matraveltransport.com\/?s={search_term_string}"},"query-input":{"@type":"PropertyValueSpecification","valueRequired":true,"valueName":"search_term_string"}}],"inLanguage":"es"},{"@type":"Organization","@id":"https:\/\/matraveltransport.com\/#organization","name":"Matravel Transport","url":"https:\/\/matraveltransport.com\/","logo":{"@type":"ImageObject","inLanguage":"es","@id":"https:\/\/matraveltransport.com\/#\/schema\/logo\/image\/","url":"https:\/\/matraveltransport.com\/wp-content\/uploads\/2024\/12\/cropped-LOGOS-PNG-TRANSPARENTES-11.png","contentUrl":"https:\/\/matraveltransport.com\/wp-content\/uploads\/2024\/12\/cropped-LOGOS-PNG-TRANSPARENTES-11.png","width":1651,"height":288,"caption":"Matravel Transport"},"image":{"@id":"https:\/\/matraveltransport.com\/#\/schema\/logo\/image\/"},"sameAs":["https:\/\/www.facebook.com\/matraveltransport"]}]}},"jetpack_sharing_enabled":true,"_links":{"self":[{"href":"https:\/\/matraveltransport.com\/index.php\/wp-json\/wp\/v2\/pages\/689","targetHints":{"allow":["GET"]}}],"collection":[{"href":"https:\/\/matraveltransport.com\/index.php\/wp-json\/wp\/v2\/pages"}],"about":[{"href":"https:\/\/matraveltransport.com\/index.php\/wp-json\/wp\/v2\/types\/page"}],"author":[{"embeddable":true,"href":"https:\/\/matraveltransport.com\/index.php\/wp-json\/wp\/v2\/users\/2"}],"replies":[{"embeddable":true,"href":"https:\/\/matraveltransport.com\/index.php\/wp-json\/wp\/v2\/comments?post=689"}],"version-history":[{"count":15,"href":"https:\/\/matraveltransport.com\/index.php\/wp-json\/wp\/v2\/pages\/689\/revisions"}],"predecessor-version":[{"id":798,"href":"https:\/\/matraveltransport.com\/index.php\/wp-json\/wp\/v2\/pages\/689\/revisions\/798"}],"wp:featuredmedia":[{"embeddable":true,"href":"https:\/\/matraveltransport.com\/index.php\/wp-json\/wp\/v2\/media\/777"}],"wp:attachment":[{"href":"https:\/\/matraveltransport.com\/index.php\/wp-json\/wp\/v2\/media?parent=689"}],"curies":[{"name":"wp","href":"https:\/\/api.w.org\/{rel}","templated":true}]}}